
False
Suppose 0 = -2*f + 3058 + 252. Is (6 - 5)*(f - -2) prime?
True
Let k(j) be the first derivative of j**2/2 + 3*j + 6. Let g be k(0). Suppose 0 = l + s - 242, -l + g*s = -2*l + 248. Is l a prime number?
True
Let z = -2779 + 4224. Let k = 4894 - z. Is k prime?
True
Let d = -23388 + 35585. Is d a prime number?
True
Let c be (2/(-3))/(5/(-15)). Suppose c*u - 6 = -u. Is (-609)/(-12) + u/8 a composite number?
True
Let l(c) = 5*c**2 + 3*c + 17. Let x be (-19)/2 - 1/2. Let n be l(x). Suppose 4*q - 4*j = 1956, -q + 4*j = -n + 10. Is q composite?
True
Let z(p) be the first derivative of 0*p + 5 - 115/2*p**2. Is z(-1) a prime number?
False
Let v(q) = -7*q + 3. Let i(p) = 20*p - 8. Let f(x) = 5*i(x) + 14*v(x). Let s be f(2). Suppose 0 = -3*d - s, 4*n + 16 = 3*d + 50. Is n a composite number?
False
Let i be 1/((2/2)/1). Let b be -114 + (2 - 1)/i. Let t = b + 312. Is t prime?
True
Let t = 8221 - 2270. Is t composite?
True
Let g be ((-4)/(-8)*-14)/(-1). Suppose 8*f - 2015 + g = 0. Is f composite?
False
Let t(f) = -4191*f + 23. Is t(-4) a prime number?
True
Let d(o) = 768*o - 55. Is d(6) composite?
True
Let w = 8 + 2. Suppose 0*u + w = 5*u. Suppose -5*z = 3*a - 3991, u*z - 7*z + 3977 = -4*a. Is z prime?
True
Let l(t) = 2*t + 25. Let s be l(-11). Is (473/s)/((-7)/(-21)) prime?
False
Let z = -46 + -9. Let t = z + 112. Let v = 124 - t. Is v a composite number?
False
Let l be 1400 + (9/12)/(9/24). Is (30 + -31)/(1400/l + -1) composite?
False
Let l(g) = 3*g + 6. Let v be l(-5). Let f be (v/2)/((-5)/10). Is (-89)/(-6) + f/54 a composite number?
True
Suppose -5*j + 3*j + 10 = 0. Suppose j*a - 2016 = 1099. Is a prime?
False
Let b = -214 + 118. Suppose -5*h = 5*u - 0*u - 1025, -3*h + 5*u = -647. Let j = b + h. Is j composite?
False
Let n(j) = -j**2 - 8*j + 13. Let g(i) = -i**2 + 6*i - 2. Let x be g(7). Let y be n(x). Is 218/(y*2/4) composite?
False
Let r be 5 + (3 - 7) + 3. Suppose -42 = -5*p - o + r*o, -4*o - 16 = 0. Is 257 + 1 - p/6 prime?
True
Let k = 76 - -18. Suppose 7*m = 1068 + k. Is m prime?
False
Suppose 3*v + r - 10564 = 0, 1989 = 3*v + 3*r - 8577. Is v a prime number?
False
Let w(b) = b**3 - b**2 - b - 16. Let h be w(0). Let a = -12 - h. Suppose 0 = -3*f - 2*d + 5*d + 630, -a*d = 3*f - 637. Is f composite?
False
Let s = 7785 + -2851. Is s a composite number?
True
Let t(q) = -25 + 12*q - 19*q + 14 + 78*q. Is t(2) prime?
True
Suppose 4*s = -16, -v - s + 11283 = 3*s. Is v a composite number?
False
Let d = -19 + 21. Suppose 3835 = 8*x - 3*x - 4*z, d*x - 1511 = -3*z. Is x/4 + (-4)/(-16) a composite number?
False
Let w be 195/6 - 3/6. Let s = 387 + w. Is s composite?
False
Let m(z) = 2*z**2 - z - 1. Let a = 58 - 62. Is m(a) composite?
True
Let b be 1/((-2)/60*2). Suppose 708 = 3*g + 2*i, -g - i = -0*g - 235. Let c = b + g. Is c a composite number?
False
Let l(f) = 1019*f - 20. Is l(7) prime?
False
Let a(n) = -4*n**3 - 6*n**2 + 8. Let h be a(-5). Suppose -4*j - 3*t = -1454, 3*t = -j + h + 1. Is j prime?
False
Let g be 3 + (3/1 - 2). Suppose -m - 8 = -4*k - 2*m, -g*m + 19 = 3*k. Is 1/(k/(-237)*-3) prime?
True
Suppose -x + 3*j - 18 = -j, 3*j = 2*x + 11. Suppose x = z, -3*z = 5*r - 0*z - 11621. Is r a prime number?
False
Let m(s) = -63*s - 24. Let d(t) = -3*t + 24. Let o be d(13). Is m(o) a prime number?
False
Is 831997/187 + (-4)/22 a prime number?
False
Suppose 162949 = -23*w + 461420. Is w a prime number?
False
Let a(z) = -z - 10. Suppose -6*t - 44 = -2*t. Let j be a(t). Is j/(0 - (-2)/998) a composite number?
False
Suppose -304565 = -3*w + 3*b - 80819, 2*b + 4 = 0. Is 2/(2/(-8) + 18765/w) composite?
True
Let d = 31 + -29. Suppose -4*r = 5*s - 67, 10 = 4*r - d. Is s a prime number?
True
Let n(r) = -r**3 + 34*r**2 - 7*r - 157. Is n(30) composite?
True
Suppose 3*p = -p + 20. Suppose -31 = 3*c - z, c + 10 + p = -2*z. Let s = c + 17. Is s prime?
False
Let u(d) = -d + 1. Let n be u(4). Let h(p) = -p - 3. Let q be h(n). Let a = 53 - q. Is a prime?
True
Let m be 3/1 + -3*6/(-9). Suppose -m*t + 4790 = -12395. Is t composite?
True
Suppose c = 5*y + 3*c - 18, 4*y - 3*c = -4. Suppose 65 = -k - 5*g, 0 = -0*g - 2*g - y. Let b = 209 + k. Is b a composite number?
False
Let c(t) = 5*t**3 - 14*t**2 - 26*t - 3. Is c(13) a prime number?
False
Suppose -5*h + 3*g + 70082 - 14442 = 0, -3*g = -4*h + 44509. Is h a prime number?
True
Let w = 44 + -38. Let s(u) = 7 - 3*u**2 - 5*u + 10*u**3 + 3*u + u. Is s(w) a prime number?
True
Suppose 8*a = 11*a. Let y = -15 + a. Is (-1)/(-5) + (-10092)/y a prime number?
True
Suppose 4*k + 24 = -2*a + 10, -17 = k + 5*a. Is (2/k)/(5/(-16135)) prime?
False
Is (3 - (-21)/(-6)) + (-3267)/(-2) prime?
False
Let h = -2738 - -3876. Suppose 29*b - h = 28*b. Is b a prime number?
False
Suppose h - 12 = -2*h - 5*k, -2*k = -4*h + 16. Suppose 4*p - h*w - 12 = 0, 3*p + 4*w + 8 + 4 = 0. Suppose -3*t + 2*n + 655 = -p*n, -4 = -n. Is t prime?
False
Let v(m) be the third derivative of m**5/20 - m**4/3 + 5*m**3/3 + 5*m**2. Let y(i) = 6*i**2 - 17*i + 19. Let q(g) = -11*v(g) + 6*y(g). Is q(-11) a prime number?
True
Suppose 1581 = 3*u - 13524. Let a = 15426 - u. Is a prime?
True
Suppose 4*s - 20 = 4*x, -2*s + 0 = 3*x - 25. Suppose -2*f + s*f - 726 = 0. Suppose 0*v - 125 = -w + v, -w + f = -3*v. Is w a prime number?
True
Suppose -r - m + 1447 = 0, -4345 = -3*r - 3*m - m. Suppose -r = -0*j - 3*j. Is j composite?
True
Let v(p) = 88*p - 3. Let j be v(-6). Let u = -340 - j. Is u a prime number?
True
Let p(w) = -3*w**2 + 18*w + 3. Let j be p(14). Let g = j + 703. Suppose 0 = 5*d + 25, -d + g + 10 = 5*u. Is u a composite number?
True
Suppose 3*m = 2*m. Is (m - 2/(-6))/(1/3447) prime?
False
Let w(k) be the first derivative of -29*k**2/2 - 36*k - 25. Is w(-7) composite?
False
Let m = 178 - -1531. Is m a composite number?
False
Let t(h) = -18*h**2 - 6*h - 1. Let x be t(-3). Let n(v) = -55*v + 1. Let g be n(-5). Let o = x + g. Is o a composite number?
False
Is 867475/4 - 103/(-412) a composite number?
True
Let k(r) = -407*r**3 - 5*r**2 + r + 5. Is k(-4) composite?
False
Suppose 6 = -6*a - 6. Let x(o) = -271*o - 1. Is x(a) a prime number?
True
Suppose 4*t = -2*d - d + 74274, -3*d = -6. Is (-2)/(-1)*t/18 composite?
False
Let s = 9 + -5. Let p(b) = -3*b + 4*b + s - 1. Is p(8) composite?
False
Is 16/(-10) + 2 + (-330484)/(-140) composite?
True
Let o = 2302 - -11991. Is o a composite number?
False
Let k(t) = -48*t - 1. Let h be k(-1). Suppose 3*a - 145 = h. Let b = a + 30. Is b a prime number?
False
Let a = -6 - -4. Let y(f) = -191*f + 3 - 8 + 4. Is y(a) prime?
False
Suppose -1333 - 5472 = -5*h. Is h a prime number?
True
Suppose 3688 = 2*v + 5*l, 6*v - 8*v - 3*l + 3680 = 0. Suppose -1114 - v = -4*t. Is t prime?
False
Suppose -w = 4*y - 4537, -5*w - y + 22685 = 4*y. Is 1/(-3)*(16/4 - w) a prime number?
True
Let h = -67 - -69. Suppose -2 = 2*g, -3*z + 4907 = 2*g + h*g. Is z a composite number?
False
Let h(n) = -1. Let i(g) = 22*g**2 + 8*g - 6. Let t(b) = -4*h(b) + i(b). Let y be t(6). Suppose 7*s - 5*s - y = 0. Is s prime?
True
Let k(a) = -4*a**2 + 11*a + 8. Let c(s) be the second derivative of -4*s**4/3 + 22*s**3/3 + 31*s**2/2 + 2*s. Let h(w) = 2*c(w) - 9*k(w). Is h(9) composite?
True
Suppose 4*d - 11 = -3*h, 5*d = 6*d - 2*h - 11. Let i(k) = -3*k + 17. Let s be i(d). Is (-269)/(1 - s - 0) prime?
True
Let g be (-21)/(-6) + 18/12. Suppose 4*r = -5*b + 4539, 4540 = g*b + 5*r - 0*r. Is b a composite number?
False
Let b = -57 - -33. Let i be ((-395)/10)/((-2)/b). Let f = -67 - i. Is f a composite number?
True
Let c(m) = m**2 - 3*m - 4. Let q be c(4). Suppose q = 2*p + 4*p - 342. Is p composite?
True
Suppose -t = 2*w + 2*t - 4, -5*w - 2*t - 1 = 0. Let z = w - 5. Let u(k) = 5*k**2 + 8*k - 5. Is u(z) prime?
True
Let u(k) = 46*k**2 - 21*k - 29. Is u(6) composite?
True
Let v(l) = 30*l**3 + 17*l**2 - 25*l - 1. Is v(5) prime?
True
Suppose -2779 = -x - c + 1938, 4*c = -5*x + 23589. Is x prime?
True
Let d = 6410 - 84385. Is 1*(2/9 + d/(-45)) a prime number?
True
Let c(h) = h**2 - 2*h + 6. Let x be c(2). Is 6821/x + 14/84 - -2 prime?
False
Is (4 + (-70)/15)/(4/(-393582)) a composite number?
True
Suppose 0 = -10*i + 19*i - 20133. Is i prime?
True
Suppose 14 = -c + 5*y - 2, -20 = 5*c - 5*y. Is ((-3333)/6 + -3)/(c/2) a composite number?
False
Is 6/9 + 16838*4/24 a prime number?
False
Let i(b) = -b**2 